hen z is divided by 90.
88
Let j be (4 + (-126)/(3 - 0))/2. Let x = j - -33. Suppose 0 = -4*p - 3*h + 16 - 4, 5*h + 20 = 0. Calculate the remainder when x is divided by p.
2
Let u be (12/9)/(-2) + (-7330)/(-6). Suppose -u = -4*p - 3*i, -p - 4*p = i - 1529. What is the remainder when p is divided by 62?
58
Let s(c) = -c**3 + 10*c**2 + 17*c - 47. Let q be s(12). Let t = -112 - q. Calculate the remainder when 56 is divided by t.
18
Suppose 738 = 4*m - 3*l, -31*m - 189 = -32*m + 3*l. Suppose -242 = -4*y + 2*z, -z - 24 = -3*y + 160. What is the remainder when m is divided by y?
57
Suppose -i + 4*z + 28 = 0, -4*i + 0*z + z = -67. Let c = -69624 + 69748. Calculate the remainder when c is divided by i.
12
Suppose 5*f - 19 = 36. Let x be 5/(80/76 - (2 + -1)). Suppose 5*y = 5*l - 165, -5*l = -2*l - 5*y - x. What is the remainder when l is divided by f?
2
Let z(b) be the second derivative of b**3/2 - 43*b**2/2 - 4*b - 2. What is the remainder when 28 is divided by z(19)?
0
Suppose -3*t - 27 = -2*t. Let y = -16 - t. Let n(g) = g**3 - 11*g**2 + 2*g - 13. Calculate the remainder when 43 is divided by n(y).
7
Let p(x) = 22*x + 497. Calculate the remainder when 2727 is divided by p(-22).
10
Suppose -6*t + 502 = -9*t + 4*t. Calculate the remainder when t is divided by 36.
34
Let l = -5524 + 5750. What is the remainder when l is divided by 34?
22
Suppose -26*l + 165 = 4*s - 21*l, 4 = 4*l. Calculate the remainder when 136 is divided by s.
16
Suppose -3*t + 538 + 116 = 0. Let z(y) = 329*y - 309. Calculate the remainder when t is divided by z(1).
18
Suppose -1012 = -0*f - 4*f - 2*h, 0 = -4*f - 5*h + 1030. What is the remainder when 330 is divided by f?
80
Let s(a) = 8*a - 134. Let m be s(16). Calculate the remainder when 25 is divided by (1 - m)*552/161.
1
Suppose 3*k = 46*c - 44*c + 7317, 9756 = 4*k - 3*c. Calculate the remainder when k is divided by 8.
7
Suppose 6*u = 2*x + 128, 132*u = 131*u + 2*x + 33. Let a be (9/(-15))/(1/(-5)). Suppose -a*h + 22 + 11 = 0. Calculate the remainder when u is divided by h.
8
Suppose -5*x + 18*p + 150 = 17*p, p = x - 26. What is the remainder when 1147 is divided by x?
0
Let s = -7 - -9. Suppose s*u + 14 - 24 = 0. Suppose 437 = 4*f + 5*l, 0 = u*f + 3*l - 839 + 283. What is the remainder when f is divided by 29?
26
Suppose 31291 = -36*w + 37*w + 3*t, 0 = -w + t + 31267. What is the remainder when w is divided by 28?
25
Let k = 8502 - 7712. Calculate the remainder when k is divided by 72.
70
Suppose 3*b - 72 = 36. Suppose b = 4*n + w, -2*w + 0*w - 9 = -n. Calculate the remainder when 312/n - (-1 - 2/(-3)) is divided by 12.
11
Let n be (-90)/12*(-18)/15. Let f(t) = n*t - 2*t - 64 + 94. Calculate the remainder when 148 is divided by f(0).
28
Let k = -50 + 53. Let h be (-6)/(-4)*1/k*-4. What is the remainder when 35 is divided by (-2 - -5)*(-2 - h - -3)?
8
Let z(t) = -8*t - 7. Suppose 5*i + 6*g - 37 = 2*g, -2*g = -6. Suppose -i*q = 5*n - 305, 2*n = -n + 5*q + 199. What is the remainder when n is divided by z(-5)?
30
Let n(j) = 14*j - 93. Let i be n(7). Suppose 3*t = -6, -i*t = -5*c - 6*t + 78. Calculate the remainder when 42 is divided by c.
10
Let p(o) = 19*o**2 + 155*o - 42. What is the remainder when p(-9) is divided by 27?
21
Suppose 0 = 23*a - 27*a + f + 137, 5*a + 2*f - 181 = 0. Let r(q) = -27*q - 35. What is the remainder when r(-9) is divided by a?
33
Suppose -2601 + 759 = -2*w - g, 3*w - 2776 = 5*g. What is the remainder when w is divided by 22?
20
Suppose m + 5*s = 159 - 13, 5*m - 634 = -s. What is the remainder when m is divided by 34?
24
Let z = -8137 - -8143. What is the remainder when 348 is divided by z?
0
Suppose -35*t + 147 = 2*z - 36*t, 3*z + 5*t = 214. What is the remainder when 332 is divided by z?
40
Let v be 1/1*(-7 - -6)*109. Let y = 190 + v. Calculate the remainder when y is divided by 12.
9
Let l = 8795 + -8367. What is the remainder when 1255 is divided by l?
399
Calculate the remainder when 2008 is divided by (373 + 2)*674/1011.
8
Let d(s) = 14*s + 765. Let y be d(0). Suppose y*w = 771*w - 138. Calculate the remainder when 59 is divided by w.
13
Let w = 1641 - 1533. What is the remainder when 1831 is divided by w?
103
Let s(u) be the third derivative of -1/3*u**3 - 1/12*u**4 + 0*u - 1/60*u**5 + 0 - 1/60*u**6 + 9*u**2. Calculate the remainder when 54 is divided by s(-2).
12
Suppose -1481 = -5*q + 2*r, 10*q - 12*q - r = -587. Calculate the remainder when q is divided by 9.
7
Suppose 24*c = 2480 - 2048. Calculate the remainder when 35 is divided by c.
17
Let c = 5639 + -5634. Suppose -2*p + 4 + 38 = 0. What is the remainder when 1*-1*p/(-3) is divided by c?
2
Let n(m) = m**3 - 10*m**2 + 12*m - 30. Let b be n(9). Calculate the remainder when (4/20)/(b/(-1605)) is divided by 38.
31
Let r be ((-21)/7)/(6/4). Calculate the remainder when 56 is divided by (r + 1)/((-14)/168).
8
Let o = 84 - 0. Suppose u + o = 5*u. Let s(b) = 19*b + 215. What is the remainder when u is divided by s(-11)?
3
Let n(j) = 11*j**3 - 4*j**2 + 2*j + 2. What is the remainder when ((-2)/2)/(2*5/(-6210)) is divided by n(2)?
75
Let o be 4 + 1 + -4 + 3. Suppose o*z = -5*s + 45, 3*s - 5 = 4*z - 2*s. Let m = 54 + -51. Calculate the remainder when z is divided by m.
2
Let c(h) = -68*h + 362. Calculate the remainder when 3651 is divided by c(5).
21
Suppose -2*f = -3*g + 8, 14*f - 5*g = 9*f - 15. Calculate the remainder when 22 is divided by (22 - (-6 + 12)) + f.
7
Suppose -28320 = -32*b + 8512. Let y = b + -1017. Calculate the remainder when y is divided by 75.
59
Suppose -31*r + 36*r - 5*w = 925, 4*r + w = 765. What is the remainder when 1900 is divided by r?
0
Let c(m) = -2*m**2 - 54*m + 52. Let v = -726 + 700. Calculate the remainder when 206 is divided by c(v).
102
Let d = -388 - -407. Suppose 51 = -d*p + 127. Calculate the remainder when 47 is divided by p.
3
Suppose 8*g - 242 = 432 - 186. Let f = 14 - -2. What is the remainder when g is divided by f?
13
Suppose -6*q = 22*q - 2352. Calculate the remainder when 155 is divided by (0 - 3)/((-264)/q - -3).
8
Let y(c) = 44*c**2 - 4*c + 2. Let m be y(2). Suppose -6*u = m - 242. Calculate the remainder when 92 is divided by u.
8
Calculate the remainder when (-6 - (-261)/45)/1 - (-3318)/15 is divided by 111.
110
Let o be (-102)/20 + (-10)/300*-3. Let m(c) = -9*c + 2. What is the remainder when 230 is divided by m(o)?
42
Let g = -558 - -41. Let j = g - -602. Suppose d - 15 = 7. What is the remainder when j is divided by d?
19
Let w(l) = l**3 - 80*l**2 - 75*l - 421. Calculate the remainder when 576 is divided by w(81).
56
Let o(l) be the second derivative of -l**4/4 + 7*l**3 - 9*l**2 - 6*l - 2. Calculate the remainder when o(7) is divided by 34.
27
Let p = 2012 - 1990. Let n = -20 + 31. Calculate the remainder when p is divided by n.
0
Let b = 81 - 92. What is the remainder when 462 is divided by -1 + b + 5 - -100?
90
Suppose 5*l = -3*l + 872. Suppose -3*t - 144 = -816. Suppose 7*y = -y + t. What is the remainder when l is divided by y?
25
Let j(r) = -3*r**3 - r**2 + 3*r + 7. Let b = 349 - -14. What is the remainder when (-1)/3 + b/9 is divided by j(-2)?
19
Calculate the remainder when (-12 - (-440)/25)*1030 is divided by 26.
22
Let l = 12705 + -12510. What is the remainder when 1184 is divided by l?
14
Suppose -14240 = -29*h - 3452. What is the remainder when 1558 is divided by h?
70
Let j(a) = a**2 - 5*a - 21. Let d be j(-3). Calculate the remainder when (8/d)/(3/(-621)*-6) is divided by 32.
28
Suppose -9*i + 1794 - 365 = -947. What is the remainder when i is divided by 191?
73
Let n(b) = 35*b**2 - 4*b - 3. Let p be n(-1). Let m = p + -11. Calculate the remainder when (-52 - -2 - -3)*-1 is divided by m.
22
Let f be 0/(1/1) - -643. Suppose w = 5*p - f, w + 506 = 4*p + 3*w. What is the remainder when p is divided by (-5 + (-85)/(-15))*312/8?
24
Let d be 6/(-10) + (-126)/(-35). Suppose 0 = -2*c - 9 + 33. What is the remainder when 26 is divided by (-87)/(-12) - d/c?
5
Let d = 1548690 + -1548664. Let g be (-1)/((-2)/4) - -19. Calculate the remainder when (-6)/g + 704/14 is divided by d.
24
Suppose -3*p - 57 = -3*d, 2*p - p + 47 = 3*d. Suppose 0 = -x - 4*u + 34, x - 3 = 5*u - d. What is the remainder when 41 is divided by x?
13
Let i be (-371086)/12 + (-29)/174. What is the remainder when i/(-288) + (-